posite number?
False
Suppose 4*v = k - 37036, 4*k - 5*v = 146325 + 1808. Suppose 0 = 9*p - 33*p + k. Is p a composite number?
False
Let w(v) = 2*v**2 - 2*v**2 + 12*v**2 - 9*v**2 + 1243 - 5*v**2 + 2*v. Suppose -3*u = -4*u. Is w(u) a composite number?
True
Let q(p) = -p**2 - 22*p + 27. Let b be q(-23). Suppose -b*n + 14142 = 2*n. Is n prime?
True
Let q(s) = -976*s - 94. Let a be q(-5). Suppose 5*o + 2*f = a, -o + 4*f + 1368 = 402. Is o a composite number?
True
Let n(z) be the second derivative of 83*z**4/6 + 3*z**3/2 - 14*z**2 - 5*z. Let f be n(6). Suppose -r + f = 3*r - 2*w, 0 = w - 1. Is r a prime number?
False
Let u = -45 + 59. Let b(i) = 16 + 6*i + 21 + 16*i**2 - u*i. Is b(5) prime?
True
Let m = -1346 + 35073. Is m prime?
False
Is ((-6)/(-18))/((-4)/(-179724)) + -8 composite?
False
Let x(p) = 2*p**2 + 5*p - 28. Let b be x(3). Suppose -4*m + 16094 = -b*c + 7*c, -3*c = -m - 24113. Is c a prime number?
True
Let b(k) = k**3 - 3*k**2 - 3*k + 12. Let z be b(3). Suppose -z*g - 7886 = -5*g. Is g a prime number?
True
Suppose -3*c + 6*c - 2*n = -5, -1 = -n. Let p = c + 294. Is p composite?
False
Let q(w) = 7613*w**2 + 2*w - 2. Let a be q(2). Is -2*45/240 + a/16 a prime number?
False
Suppose -4971*a + 3277682 = -4934*a. Is a a composite number?
True
Let y = 719393 + -405802. Is y composite?
True
Let h = 1740589 + 16396. Is h a prime number?
False
Suppose -2591 = -5*l - 4*t, -3*t - 1010 = -2*l + 2*t. Suppose -5*n = -5030 - l. Is n a composite number?
False
Let u = -57613 - -113216. Is u a composite number?
False
Suppose 17*i - 14*i = 9. Suppose -3*d = k - 8492 + 2698, -i*k = 2*d - 3865. Is d a composite number?
False
Suppose -5*m + 350420 + 22865 = -4*i, 0 = m - i - 74658. Is m prime?
True
Let g = -16638 - -28529. Suppose -3*w - 2*r - 1033 = -g, -3*w = 4*r - 10850. Is w a composite number?
True
Let i(d) = -7*d**2 + 13*d - 1. Let s(r) = 3*r**2 - 7*r. Let k(o) = 2*i(o) + 5*s(o). Let l be k(9). Is (6/(-30))/(l/1910) prime?
True
Let q(n) be the third derivative of -4/3*n**3 + 0 - 2*n**2 + 1/30*n**5 + 5/24*n**4 + 0*n. Is q(6) a composite number?
True
Let p(a) be the second derivative of -a**4/12 + 3*a**2/2 - 17*a. Let b be p(0). Suppose 0 = -4*c + 5*o + 298, -b*o + 47 - 118 = -c. Is c a composite number?
True
Let m(z) = -z + 6. Let k be m(2). Suppose -1 + k = -c. Is 2/c*(-306)/4 + -2 composite?
True
Let m = 1425537 + -491654. Is m composite?
False
Let r(a) = 20*a**2 - 8*a - 2*a**3 + 3*a**3 - 10 - 26*a**2. Let s be r(8). Is (2 + 7/(-2))/(s/(-12708)) composite?
False
Suppose -16085 - 21086 = -14*z - 617. Is z a prime number?
False
Suppose -360*a = -361*a + 982. Is a*((-21)/(-6))/7 a prime number?
True
Let a be (2 + 16/(-3))/((-52)/725790). Let c = a - 24348. Is c composite?
True
Suppose 35*v - 230 = -510. Let i(r) be the third derivative of -41*r**4/8 - 17*r**3/6 - r**2. Is i(v) a prime number?
True
Suppose 28*v - 15318631 = 23*v - 2*b, -5*v + 15318637 = -b. Is v composite?
False
Let i be (-1 + -1984)/(-8 + 7). Let m be i/3 + 2*(-3)/(-18). Suppose -5*l = -8197 + m. Is l prime?
False
Suppose 0 = 4*p - 2*t - 2478, -4*p - 3*t = -0*t - 2453. Suppose 2*d - p = 4543. Is (6/(-2) - -4) + d a composite number?
True
Let y(n) = 21*n + 7. Let a(v) = -11*v - 3. Let d(i) = 10*a(i) + 4*y(i). Let h be d(-1). Suppose h*j = 29*j - 1855. Is j composite?
True
Let s(k) = k**3 - 5*k**2 + 67*k + 31547. Is s(0) composite?
False
Suppose -4*v = -3*f - 650, -f = -2*v + v + 217. Let x = -163 - f. Is x a prime number?
False
Suppose 57*w - 2252346 = 2787651. Is w a composite number?
True
Suppose -3*c = -5*m - 2*c - 3129, -c = 3*m + 1871. Let f = 2964 - m. Is f a composite number?
True
Suppose 3*h = -c - 2, -3*c - 4*h = -2*h - 1. Is 3845/(3 + -3 + c) composite?
True
Let y(m) = 3*m**2 - 21*m - 11. Let s(o) = -4*o**2 - 12*o - 3*o - 21 - 28*o + 11*o**2. Let l(c) = 2*s(c) - 5*y(c). Is l(9) prime?
True
Suppose -y - u = -178363, 229*y - 227*y + 3*u = 356728. Is y prime?
True
Let f(w) = 350*w**2 + w + 3. Let j be f(3). Suppose -j + 1061 = -5*h. Is h a composite number?
False
Let j be (-2364)/(-42)*1*7. Suppose 3*y + 7*v = 10*v + 276, 0 = 3*v - 15. Let o = y + j. Is o prime?
True
Suppose 24901 - 3625 = 6*r. Suppose -12 = 3*p, -p - p = 2*h - r. Is h a composite number?
False
Is (-96)/(-72)*(-1535412)/(-16) composite?
False
Suppose 2*m - 23098 = -2*i, 3*i + 2*m + 14718 - 49365 = 0. Is i a prime number?
True
Let f = 1 + 2. Let x(j) = 1419*j + 167. Let z be x(4). Suppose -f*s - 608 = -z. Is s prime?
False
Let a = -13703 - -66286. Is a a composite number?
False
Suppose 4*y - 3*f + 746 = 19782, -2*f = -2*y + 9514. Is y a composite number?
True
Suppose -d + 8*k + 28590 = -8553, -2*d - 2*k + 74322 = 0. Is d composite?
False
Suppose -27*l - 393124 = -1298353. Is l prime?
False
Let d = -421 - -426. Suppose 0*m - 14164 = -d*q + 3*m, 2*q - m = 5665. Is q a composite number?
True
Let q(a) = 53*a**3 - 32*a**2 - 27*a + 19. Is q(18) composite?
False
Let t(c) = 3*c**2 - 31*c + 16979. Is t(0) a prime number?
True
Suppose 2*r + n = -2, -5*n + 26 = -5*r + 3*r. Let y be (r/6)/(-1 - 23540/(-23536)). Let u = -609 - y. Is u prime?
True
Suppose 125066 = u - 107811. Is u prime?
True
Let w(p) = -p**2 + 13*p + 2. Let f be w(13). Suppose -137 = -3*x - 2*h, -f*x = -x - 5*h - 23. Let o = 1728 - x. Is o a composite number?
True
Let d be (-2)/3 - 152/(-12). Is ((-3)/(d/(-998)))/((-14)/(-476)) a prime number?
False
Suppose 95 = -10*g + 145. Suppose 0 = -g*u - 3*h + 21451, -4*u + 17148 = -2*h - 2*h. Is u a prime number?
True
Is (-1185)/(-6)*11798/85 prime?
False
Suppose -170 = 4*w - 5*w + 3*c, w + 5*c - 138 = 0. Suppose -w + 5 = -9*s. Suppose s*t - t - 14224 = 0. Is t a prime number?
False
Suppose -u = 4*k - 2258 - 73, 0 = -5*k + 3*u + 2935. Suppose -4*i - k + 9396 = 0. Is i composite?
False
Let o(a) = 467*a**2 - a + 1. Let l = 402 - 399. Is o(l) composite?
False
Suppose -2*x - 39 = 9. Let n = x + 31. Suppose -n*s + 2018 + 6305 = 0. Is s a prime number?
False
Let n(q) = -q + 21. Let h be n(17). Suppose -h*w - 4*l = -5280, -l = -3 + 2. Is w a prime number?
True
Suppose -4*h = q - 9, 6 = 2*q - q + h. Suppose 0 = -d + 3*d - 530. Suppose -m + q*x = -d, m + 4*m - 1325 = x. Is m prime?
False
Suppose -61914 + 93682 = -11*j. Let u be (0 + -2078)/(4/(-10)). Let b = j + u. Is b a composite number?
True
Let d = -161558 - -355571. Suppose 12*r = -33441 + d. Is r composite?
False
Let y(d) = 195*d**3 + d**2 + 14*d + 3. Let i(n) = n**2 + 2. Let b(o) = -6*i(o) + y(o). Is b(2) a composite number?
False
Suppose 2443 = 4*o - 23157. Let t = o + -3299. Let d = -1642 + t. Is d a composite number?
False
Suppose -b + 4*c = -16745 - 9454, c - 130890 = -5*b. Is b prime?
False
Suppose -90*f = -84*f + 24. Is ((-5373858)/(-207))/(f/(-6)) composite?
True
Let u be 13/8 + 30/80. Suppose 3*p = 4*p - 2*g - 87, -172 = -2*p + u*g. Is p a prime number?
False
Let t(z) = -39*z**2 - 12*z + 27. Let o be t(2). Is -2 - (1615255/o - (-4)/18) composite?
True
Let w = -312743 - -457714. Is w a prime number?
False
Suppose -16*c - 5*r + 476930 = -11*c, 95351 = c - 4*r. Is c composite?
True
Let i = -62307 - -139624. Is i prime?
True
Suppose -2*y - 5*u + 8*u - 1444 = 0, 0 = 4*y - 3*u + 2882. Let l = y - -3078. Is l prime?
False
Suppose 0 = 2*v + f - 6 - 10, 3*v + 2*f = 25. Let h = 337 - 326. Suppose v*m - h*m = -2692. Is m a composite number?
False
Let i = -126044 - -261087. Is i prime?
True
Is -4 + 9 - (-30)/(-3) - -27091*2 a prime number?
False
Let j(m) be the second derivative of m**3/6 - m**2 - 5*m. Let r be j(4). Suppose 4*d + r*d = 5190. Is d prime?
False
Let o = -77477 + 119026. Is o prime?
True
Let r(x) = -24*x**3 + 495*x**2 + 69*x + 33. Let c(z) = 8*z**3 - 165*z**2 - 23*z - 11. Let n(b) = -17*c(b) - 6*r(b). Is n(23) a prime number?
True
Let p(u) = 14584*u + 815. Is p(2) a composite number?
False
Let i be (1148/49)/(-2) + 2/(-7). Is (1 - -1)*412*i/(-96) a prime number?
True
Suppose 1779792 = -30*f + 42*f. Is f/(-70)*((-3)/2 - 1) composite?
False
Let i be (36 - 29)*4/7. Suppose -i*k - 2*t + 7012 = 0, 5*k = -4*t - 662 + 9427. Is k composite?
False
Let z(r) = -29*r. Let s(u) = 87*u - 1. Let l(k) = 2*s(k) + 7*z(k). Let m be l(-6). Suppose -5*y + 5*x + 430 = 0, -4*y = -2*y - 3*x - m. Is y a prime number?
False
Is 8 + (-1361)/(-3)*147 prime?
True
Let s be (-6)/(6/51 - (-2756)